CRAN Package Check Results for Package rmcorr

Last updated on 2018-09-26 01:46:40 CEST.

Flavor Version Tinstall Tcheck Ttotal Status Flags
r-devel-linux-x86_64-debian-clang 0.3.0 1.13 62.07 63.20 OK
r-devel-linux-x86_64-debian-gcc 0.3.0 1.00 49.17 50.17 OK
r-devel-linux-x86_64-fedora-clang 0.3.0 76.66 OK
r-devel-linux-x86_64-fedora-gcc 0.3.0 75.52 OK
r-devel-windows-ix86+x86_64 0.3.0 4.00 78.00 82.00 OK
r-patched-linux-x86_64 0.3.0 1.08 62.45 63.53 OK
r-patched-solaris-x86 0.3.0 58.10 WARN
r-release-linux-x86_64 0.3.0 1.11 62.53 63.64 OK
r-release-windows-ix86+x86_64 0.3.0 2.00 102.00 104.00 OK
r-release-osx-x86_64 0.3.0 OK
r-oldrel-windows-ix86+x86_64 0.3.0 2.00 112.00 114.00 OK
r-oldrel-osx-x86_64 0.3.0 OK

Check Details

Version: 0.3.0
Check: re-building of vignette outputs
Result: WARN
    Error in re-building vignettes:
     ...
    Warning in engine$weave(file, quiet = quiet, encoding = enc) :
     Pandoc (>= 1.12.3) and/or pandoc-citeproc not available. Falling back to R Markdown v1.
    Loading required package: pwr
    Loading required package: psych
    Loading required package: RColorBrewer
    Loading required package: plotrix
    
    Attaching package: 'plotrix'
    
    The following object is masked from 'package:psych':
    
     rescale
    
    Loading required package: rmcorr
    Loading required package: lme4
    Loading required package: Matrix
    Loading required package: ggplot2
    
    Attaching package: 'ggplot2'
    
    The following objects are masked from 'package:psych':
    
     %+%, alpha
    
    Loading required package: merTools
    Loading required package: arm
    Loading required package: MASS
    
    arm (Version 1.10-1, built: 2018-4-12)
    
    Working directory is /home/ripley/R/packages/tests32/rmcorr.Rcheck/vign_test/rmcorr/vignettes
    
    
    Attaching package: 'arm'
    
    The following object is masked from 'package:plotrix':
    
     rescale
    
    The following objects are masked from 'package:psych':
    
     logit, rescale, sim
    
    Loading required package: dplyr
    
    Attaching package: 'dplyr'
    
    The following object is masked from 'package:MASS':
    
     select
    
    The following objects are masked from 'package:stats':
    
     filter, lag
    
    The following objects are masked from 'package:base':
    
     intersect, setdiff, setequal, union
    
    
    Attaching package: 'merTools'
    
    The following object is masked from 'package:psych':
    
     ICC
    
    Warning in rmcorr(sub, newX, newY, exampleMat) :
     'sub' coerced into a factor
    Warning in rmcorr(sub, newX, newY, exampleMat) :
     'sub' coerced into a factor
    Warning in rmcorr(sub, newX, newY, exampleMat2) :
     'sub' coerced into a factor
    Warning in rmcorr(sub, newX, newY, exampleMat3) :
     'sub' coerced into a factor
    Quitting from lines 523-595 (Combined_paper_figures.Rmd)
    Error: processing vignette 'Combined_paper_figures.Rmd' failed with diagnostics:
    Starting values violate bounds
    Execution halted
Flavor: r-patched-solaris-x86