Last updated on 2018-09-26 01:46:41 CEST.
Flavor | Version | Tinstall | Tcheck | Ttotal | Status | Flags |
---|---|---|---|---|---|---|
r-devel-linux-x86_64-debian-clang | 1.1-4 | 11.36 | 55.23 | 66.59 | OK | |
r-devel-linux-x86_64-debian-gcc | 1.1-4 | 9.16 | 44.20 | 53.36 | OK | |
r-devel-linux-x86_64-fedora-clang | 1.1-4 | 77.36 | OK | |||
r-devel-linux-x86_64-fedora-gcc | 1.1-4 | 76.13 | OK | |||
r-devel-windows-ix86+x86_64 | 1.1-4 | 21.00 | 64.00 | 85.00 | OK | |
r-patched-linux-x86_64 | 1.1-4 | 8.40 | 52.61 | 61.01 | OK | |
r-patched-solaris-x86 | 1.1-4 | 101.10 | OK | |||
r-release-linux-x86_64 | 1.1-4 | 10.06 | 52.86 | 62.92 | OK | |
r-release-windows-ix86+x86_64 | 1.1-4 | 16.00 | 80.00 | 96.00 | OK | |
r-release-osx-x86_64 | 1.1-4 | ERROR | ||||
r-oldrel-windows-ix86+x86_64 | 1.1-4 | 6.00 | 79.00 | 85.00 | OK | |
r-oldrel-osx-x86_64 | 1.1-4 | ERROR |
Version: 1.1-4
Check: whether package can be installed
Result: ERROR
Installation failed.
Flavors: r-release-osx-x86_64, r-oldrel-osx-x86_64