Last updated on 2018-09-26 01:46:41 CEST.
Flavor | Version | Tinstall | Tcheck | Ttotal | Status | Flags |
---|---|---|---|---|---|---|
r-devel-linux-x86_64-debian-clang | 1.6 | 20.51 | 27.28 | 47.79 | OK | |
r-devel-linux-x86_64-debian-gcc | 1.6 | 16.96 | 22.72 | 39.68 | OK | |
r-devel-linux-x86_64-fedora-clang | 1.6 | 64.43 | OK | |||
r-devel-linux-x86_64-fedora-gcc | 1.6 | 58.50 | OK | |||
r-devel-windows-ix86+x86_64 | 1.6 | 76.00 | 76.00 | 152.00 | NOTE | |
r-patched-linux-x86_64 | 1.6 | 18.74 | 25.06 | 43.80 | OK | |
r-patched-solaris-x86 | 1.6 | 20.40 | ERROR | |||
r-release-linux-x86_64 | 1.6 | 19.30 | 25.14 | 44.44 | OK | |
r-release-windows-ix86+x86_64 | 1.6 | 57.00 | 99.00 | 156.00 | NOTE | |
r-release-osx-x86_64 | 1.6 | ERROR | ||||
r-oldrel-windows-ix86+x86_64 | 1.6 | 53.00 | 95.00 | 148.00 | NOTE | |
r-oldrel-osx-x86_64 | 1.6 | ERROR |
Version: 1.6
Check: installed package size
Result: NOTE
installed size is 5.8Mb
sub-directories of 1Mb or more:
libs 5.6Mb
Flavors: r-devel-windows-ix86+x86_64, r-release-windows-ix86+x86_64, r-oldrel-windows-ix86+x86_64
Version: 1.6
Check: whether package can be installed
Result: ERROR
Installation failed.
Flavors: r-patched-solaris-x86, r-release-osx-x86_64, r-oldrel-osx-x86_64