Last updated on 2018-09-26 01:46:41 CEST.
Flavor | Version | Tinstall | Tcheck | Ttotal | Status | Flags |
---|---|---|---|---|---|---|
r-devel-linux-x86_64-debian-clang | 1.0.0 | 5.85 | 84.32 | 90.17 | OK | --no-vignettes |
r-devel-linux-x86_64-debian-gcc | 1.0.0 | 5.03 | 64.42 | 69.45 | OK | --no-vignettes |
r-devel-linux-x86_64-fedora-clang | 1.0.0 | 375.32 | NOTE | |||
r-devel-linux-x86_64-fedora-gcc | 1.0.0 | 365.34 | NOTE | |||
r-devel-windows-ix86+x86_64 | 1.0.0 | 16.00 | 329.00 | 345.00 | OK | |
r-patched-linux-x86_64 | 1.0.0 | 4.32 | 68.38 | 72.70 | OK | --no-vignettes |
r-patched-solaris-x86 | 1.0.0 | 489.40 | NOTE | |||
r-release-linux-x86_64 | 1.0.0 | 5.37 | 68.57 | 73.94 | OK | --no-vignettes |
r-release-windows-ix86+x86_64 | 1.0.0 | 14.00 | 395.00 | 409.00 | OK | |
r-release-osx-x86_64 | 1.0.0 | NOTE | ||||
r-oldrel-windows-ix86+x86_64 | 1.0.0 | 9.00 | 419.00 | 428.00 | OK | |
r-oldrel-osx-x86_64 | 1.0.0 | NOTE |
Version: 1.0.0
Check: dependencies in R code
Result: NOTE
Namespaces in Imports field not imported from:
‘doParallel’ ‘foreach’
All declared Imports should be used.
Flavors: r-devel-linux-x86_64-fedora-clang, r-devel-linux-x86_64-fedora-gcc, r-patched-solaris-x86, r-release-osx-x86_64, r-oldrel-osx-x86_64