CRAN Package Check Results for Package rtson

Last updated on 2018-09-26 01:46:41 CEST.

Flavor Version Tinstall Tcheck Ttotal Status Flags
r-devel-linux-x86_64-debian-clang 1.3 2.27 19.57 21.84 OK
r-devel-linux-x86_64-debian-gcc 1.3 1.94 16.76 18.70 OK
r-devel-linux-x86_64-fedora-clang 1.3 26.70 OK
r-devel-linux-x86_64-fedora-gcc 1.3 25.50 OK
r-devel-windows-ix86+x86_64 1.3 6.00 32.00 38.00 ERROR
r-patched-linux-x86_64 1.3 2.25 18.08 20.33 OK
r-patched-solaris-x86 1.3 36.10 OK
r-release-linux-x86_64 1.3 1.81 18.20 20.01 OK
r-release-windows-ix86+x86_64 1.3 4.00 45.00 49.00 OK
r-release-osx-x86_64 1.3 OK
r-oldrel-windows-ix86+x86_64 1.3 2.00 41.00 43.00 OK
r-oldrel-osx-x86_64 1.3 OK

Check Details

Version: 1.3
Check: examples
Result: ERROR
    Running examples in 'rtson-Ex.R' failed
    The error most likely occurred in:
    
    > ### Name: readTSON
    > ### Title: Deserialize a connection
    > ### Aliases: readTSON
    >
    > ### ** Examples
    >
    > ## Example
    >
    > library(rtson)
    >
    > list = list(integer=42L,
    + double=42,
    + bool=TRUE,
    + uint8=tson.uint8.vec(c(42,0)),
    + uint16=tson.uint16.vec(c(42,0)),
    + uint32=tson.uint32.vec(c(42,0)),
    + int8=tson.int8.vec(c(42,0)),
    + int16=tson.int16.vec(c(42,0)),
    + int32=as.integer(c(42,0)),
    + float32=tson.float32.vec(c(0.0, 42.0)),
    + float64=c(42.0,42.0),
    + map=list(x=42, y=42, label="42"),
    + list=list("42",42)
    + )
    >
    > con = rawConnection(raw(0), "r+")
    > writeTSON(list, con)
    <Serializer>
     Public:
     addBool: function (object)
     addDouble: function (object)
     addDoubleList: function (object)
     addFloat32List: function (object)
     addFloat64List: function (object)
     addInt16List: function (object)
     addInt32List: function (object)
     addInt8List: function (object)
     addInteger: function (object)
     addIntegerList: function (object)
     addLength: function (len)
     addList: function (object)
     addListOrMap: function (object)
     addMap: function (object)
     addNull: function ()
     addObject: function (object)
     addRootObject: function (object)
     addString: function (object)
     addStringList: function (object)
     addType: function (type)
     addUInt16List: function (object)
     addUInt32List: function (object)
     addUInt8List: function (object)
     clone: function (deep = FALSE)
     con: 3
     initialize: function (object, con)
    > bytes = rawConnectionValue(con)
    > close(con)
    > con = rawConnection(bytes, "r")
    > object = readTSON(con)
    >
    >
    >
    > cleanEx()
    Error: connections left open:
     bytes (rawConnection)
    Execution halted
Flavor: r-devel-windows-ix86+x86_64