Last updated on 2018-09-26 01:46:42 CEST.
Flavor | Version | Tinstall | Tcheck | Ttotal | Status | Flags |
---|---|---|---|---|---|---|
r-devel-linux-x86_64-debian-clang | 1.0 | 3.66 | 160.58 | 164.24 | OK | |
r-devel-linux-x86_64-debian-gcc | 1.0 | 3.42 | 123.67 | 127.09 | OK | |
r-devel-linux-x86_64-fedora-clang | 1.0 | 192.73 | NOTE | |||
r-devel-linux-x86_64-fedora-gcc | 1.0 | 193.96 | NOTE | |||
r-devel-windows-ix86+x86_64 | 1.0 | 14.00 | 165.00 | 179.00 | OK | |
r-patched-linux-x86_64 | 1.0 | 3.07 | 157.41 | 160.48 | OK | |
r-patched-solaris-x86 | 1.0 | 218.20 | NOTE | |||
r-release-linux-x86_64 | 1.0 | 3.51 | 157.81 | 161.32 | OK | |
r-release-windows-ix86+x86_64 | 1.0 | 15.00 | 206.00 | 221.00 | OK | |
r-release-osx-x86_64 | 1.0 | NOTE | ||||
r-oldrel-windows-ix86+x86_64 | 1.0 | 6.00 | 227.00 | 233.00 | OK | |
r-oldrel-osx-x86_64 | 1.0 | NOTE |
Version: 1.0
Check: dependencies in R code
Result: NOTE
Namespace in Imports field not imported from: ‘gridExtra’
All declared Imports should be used.
Flavors: r-devel-linux-x86_64-fedora-clang, r-devel-linux-x86_64-fedora-gcc, r-patched-solaris-x86, r-release-osx-x86_64, r-oldrel-osx-x86_64