Last updated on 2018-09-26 01:46:42 CEST.
Flavor | Version | Tinstall | Tcheck | Ttotal | Status | Flags |
---|---|---|---|---|---|---|
r-devel-linux-x86_64-debian-clang | 1.2.4 | 21.73 | 26.67 | 48.40 | OK | |
r-devel-linux-x86_64-debian-gcc | 1.2.4 | 14.81 | 21.52 | 36.33 | OK | |
r-devel-linux-x86_64-fedora-clang | 1.2.4 | 61.79 | NOTE | |||
r-devel-linux-x86_64-fedora-gcc | 1.2.4 | 55.36 | NOTE | |||
r-devel-windows-ix86+x86_64 | 1.2.4 | 52.00 | 59.00 | 111.00 | OK | |
r-patched-linux-x86_64 | 1.2.4 | 18.82 | 23.82 | 42.64 | OK | |
r-patched-solaris-x86 | 1.2.4 | 63.30 | OK | |||
r-release-linux-x86_64 | 1.2.4 | 18.68 | 24.27 | 42.95 | OK | |
r-release-windows-ix86+x86_64 | 1.2.4 | 38.00 | 60.00 | 98.00 | OK | |
r-release-osx-x86_64 | 1.2.4 | OK | ||||
r-oldrel-windows-ix86+x86_64 | 1.2.4 | 33.00 | 68.00 | 101.00 | OK | |
r-oldrel-osx-x86_64 | 1.2.4 | OK |
Version: 1.2.4
Check: compiled code
Result: NOTE
File ‘segmag/libs/segmag.so’:
Found no calls to: ‘R_registerRoutines’, ‘R_useDynamicSymbols’
It is good practice to register native routines and to disable symbol
search.
See ‘Writing portable packages’ in the ‘Writing R Extensions’ manual.
Flavors: r-devel-linux-x86_64-fedora-clang, r-devel-linux-x86_64-fedora-gcc