Last updated on 2018-09-26 01:46:42 CEST.
Flavor | Version | Tinstall | Tcheck | Ttotal | Status | Flags |
---|---|---|---|---|---|---|
r-devel-linux-x86_64-debian-clang | 2013.9-1 | 1.04 | 20.51 | 21.55 | NOTE | |
r-devel-linux-x86_64-debian-gcc | 2013.9-1 | 0.85 | 16.50 | 17.35 | NOTE | |
r-devel-linux-x86_64-fedora-clang | 2013.9-1 | 26.15 | NOTE | |||
r-devel-linux-x86_64-fedora-gcc | 2013.9-1 | 25.05 | NOTE | |||
r-devel-windows-ix86+x86_64 | 2013.9-1 | 4.00 | 33.00 | 37.00 | NOTE | |
r-patched-linux-x86_64 | 2013.9-1 | 0.70 | 18.87 | 19.57 | NOTE | |
r-patched-solaris-x86 | 2013.9-1 | 37.50 | NOTE | |||
r-release-linux-x86_64 | 2013.9-1 | 0.72 | 19.03 | 19.75 | NOTE | |
r-release-windows-ix86+x86_64 | 2013.9-1 | 3.00 | 29.00 | 32.00 | NOTE | |
r-release-osx-x86_64 | 2013.9-1 | NOTE | ||||
r-oldrel-windows-ix86+x86_64 | 2013.9-1 | 2.00 | 29.00 | 31.00 | NOTE | |
r-oldrel-osx-x86_64 | 2013.9-1 | NOTE |
Version: 2013.9-1
Check: R code for possible problems
Result: NOTE
random.number.test: no visible global function definition for ‘runif’
random.number.test: no visible global function definition for ‘rnorm’
setRNG: no visible global function definition for ‘runif’
Undefined global functions or variables:
rnorm runif
Consider adding
importFrom("stats", "rnorm", "runif")
to your NAMESPACE file.
Flavors: r-devel-linux-x86_64-debian-clang, r-devel-linux-x86_64-debian-gcc, r-devel-linux-x86_64-fedora-clang, r-devel-linux-x86_64-fedora-gcc, r-devel-windows-ix86+x86_64, r-patched-linux-x86_64, r-patched-solaris-x86, r-release-linux-x86_64, r-release-windows-ix86+x86_64, r-release-osx-x86_64, r-oldrel-windows-ix86+x86_64, r-oldrel-osx-x86_64