Last updated on 2018-09-26 01:46:43 CEST.
Flavor | Version | Tinstall | Tcheck | Ttotal | Status | Flags |
---|---|---|---|---|---|---|
r-devel-linux-x86_64-debian-clang | 4.0.3 | 8.63 | 85.47 | 94.10 | OK | |
r-devel-linux-x86_64-debian-gcc | 4.0.3 | 7.77 | 64.77 | 72.54 | OK | |
r-devel-linux-x86_64-fedora-clang | 4.0.3 | 109.03 | OK | |||
r-devel-linux-x86_64-fedora-gcc | 4.0.3 | 105.07 | OK | |||
r-devel-windows-ix86+x86_64 | 4.0.3 | 23.00 | 94.00 | 117.00 | OK | |
r-patched-linux-x86_64 | 4.0.3 | 6.12 | 77.73 | 83.85 | OK | |
r-patched-solaris-x86 | 4.0.3 | 148.40 | OK | |||
r-release-linux-x86_64 | 4.0.3 | 7.32 | 77.82 | 85.14 | OK | |
r-release-windows-ix86+x86_64 | 4.0.3 | 21.00 | 139.00 | 160.00 | OK | |
r-release-osx-x86_64 | 4.0.3 | OK | ||||
r-oldrel-windows-ix86+x86_64 | 4.0.2 | 9.00 | 115.00 | 124.00 | OK | |
r-oldrel-osx-x86_64 | 4.0.3 | ERROR |
Version: 4.0.3
Check: whether package can be installed
Result: ERROR
Installation failed.
Flavor: r-oldrel-osx-x86_64