Last updated on 2018-09-26 01:46:43 CEST.
Flavor | Version | Tinstall | Tcheck | Ttotal | Status | Flags |
---|---|---|---|---|---|---|
r-devel-linux-x86_64-debian-clang | 1.0-10 | 3.45 | 35.85 | 39.30 | OK | --no-tests |
r-devel-linux-x86_64-debian-gcc | 1.0-10 | 3.41 | 28.72 | 32.13 | OK | --no-tests |
r-devel-linux-x86_64-fedora-clang | 1.0-10 | 46.40 | OK | --no-tests | ||
r-devel-linux-x86_64-fedora-gcc | 1.0-10 | 44.94 | OK | --no-tests | ||
r-devel-windows-ix86+x86_64 | 1.0-10 | 9.00 | 101.00 | 110.00 | OK | |
r-patched-linux-x86_64 | 1.0-10 | 3.04 | 33.24 | 36.28 | OK | --no-tests |
r-patched-solaris-x86 | 1.0-10 | 200.80 | OK | |||
r-release-linux-x86_64 | 1.0-10 | 3.11 | 33.71 | 36.82 | OK | --no-tests |
r-release-windows-ix86+x86_64 | 1.0-10 | 7.00 | 117.00 | 124.00 | OK | |
r-release-osx-x86_64 | 1.0-10 | NOTE | ||||
r-oldrel-windows-ix86+x86_64 | 1.0-10 | 5.00 | 99.00 | 104.00 | OK | |
r-oldrel-osx-x86_64 | 1.0-10 | NOTE |
Version: 1.0-10
Check: package dependencies
Result: NOTE
Package suggested but not available for checking: ‘Rmpi’
Flavors: r-release-osx-x86_64, r-oldrel-osx-x86_64
Version: 1.0-10
Check: Rd cross-references
Result: NOTE
Package unavailable to check Rd xrefs: ‘Rmpi’
Flavors: r-release-osx-x86_64, r-oldrel-osx-x86_64