Last updated on 2018-09-26 01:46:44 CEST.
Flavor | Version | Tinstall | Tcheck | Ttotal | Status | Flags |
---|---|---|---|---|---|---|
r-devel-linux-x86_64-debian-clang | 0.7.0 | 1.43 | 29.38 | 30.81 | OK | |
r-devel-linux-x86_64-debian-gcc | 0.7.0 | 0.97 | 23.53 | 24.50 | OK | |
r-devel-linux-x86_64-fedora-clang | 0.7.0 | 37.56 | NOTE | |||
r-devel-linux-x86_64-fedora-gcc | 0.7.0 | 35.34 | NOTE | |||
r-devel-windows-ix86+x86_64 | 0.7.0 | 5.00 | 52.00 | 57.00 | OK | |
r-patched-linux-x86_64 | 0.7.0 | 1.15 | 26.48 | 27.63 | OK | |
r-patched-solaris-x86 | 0.7.0 | 52.80 | NOTE | |||
r-release-linux-x86_64 | 0.7.0 | 0.84 | 26.82 | 27.66 | OK | |
r-release-windows-ix86+x86_64 | 0.7.0 | 5.00 | 73.00 | 78.00 | OK | |
r-release-osx-x86_64 | 0.7.0 | NOTE | ||||
r-oldrel-windows-ix86+x86_64 | 0.7.0 | 3.00 | 71.00 | 74.00 | OK | |
r-oldrel-osx-x86_64 | 0.7.0 | NOTE |
Version: 0.7.0
Check: data for non-ASCII characters
Result: NOTE
Note: found 1320 marked UTF-8 strings
Flavors: r-devel-linux-x86_64-fedora-clang, r-devel-linux-x86_64-fedora-gcc, r-patched-solaris-x86, r-release-osx-x86_64, r-oldrel-osx-x86_64