CRAN Package Check Results for Package staRdom

Last updated on 2018-09-26 01:46:44 CEST.

Flavor Version Tinstall Tcheck Ttotal Status Flags
r-devel-linux-x86_64-debian-clang 1.0.8 11.39 189.92 201.31 OK
r-devel-linux-x86_64-debian-gcc 1.0.8 9.72 147.71 157.43 OK
r-devel-linux-x86_64-fedora-clang 1.0.8 233.76 NOTE
r-devel-linux-x86_64-fedora-gcc 1.0.8 229.47 NOTE
r-devel-windows-ix86+x86_64 1.0.8 35.00 238.00 273.00 OK
r-patched-linux-x86_64 1.0.8 9.28 171.17 180.45 OK
r-patched-solaris-x86 1.0.8 360.80 NOTE
r-release-linux-x86_64 1.0.8 10.45 173.41 183.86 OK
r-release-windows-ix86+x86_64 1.0.8 32.00 292.00 324.00 OK
r-release-osx-x86_64 1.0.8 NOTE
r-oldrel-windows-ix86+x86_64 1.0.8 21.00 375.00 396.00 OK
r-oldrel-osx-x86_64 1.0.8 NOTE

Check Details

Version: 1.0.8
Check: dependencies in R code
Result: NOTE
    Namespaces in Imports field not imported from:
     ‘readr’ ‘tools’
     All declared Imports should be used.
Flavors: r-devel-linux-x86_64-fedora-clang, r-devel-linux-x86_64-fedora-gcc, r-patched-solaris-x86, r-release-osx-x86_64, r-oldrel-osx-x86_64