Last updated on 2018-09-26 01:46:45 CEST.
Flavor | Version | Tinstall | Tcheck | Ttotal | Status | Flags |
---|---|---|---|---|---|---|
r-devel-linux-x86_64-debian-clang | 1.3 | 1.45 | 34.95 | 36.40 | OK | |
r-devel-linux-x86_64-debian-gcc | 1.3 | 1.17 | 27.84 | 29.01 | OK | |
r-devel-linux-x86_64-fedora-clang | 1.3 | 42.40 | NOTE | |||
r-devel-linux-x86_64-fedora-gcc | 1.3 | 40.92 | NOTE | |||
r-devel-windows-ix86+x86_64 | 1.3 | 5.00 | 49.00 | 54.00 | OK | |
r-patched-linux-x86_64 | 1.3 | 1.26 | 32.26 | 33.52 | OK | |
r-patched-solaris-x86 | 1.3 | 59.10 | NOTE | |||
r-release-linux-x86_64 | 1.3 | 1.29 | 33.08 | 34.37 | OK | |
r-release-windows-ix86+x86_64 | 1.3 | 4.00 | 68.00 | 72.00 | OK | |
r-release-osx-x86_64 | 1.3 | NOTE | ||||
r-oldrel-windows-ix86+x86_64 | 1.3 | 3.00 | 70.00 | 73.00 | OK | |
r-oldrel-osx-x86_64 | 1.3 | NOTE |
Version: 1.3
Check: dependencies in R code
Result: NOTE
Namespaces in Imports field not imported from:
‘SnowballC’ ‘tm’
All declared Imports should be used.
Flavors: r-devel-linux-x86_64-fedora-clang, r-devel-linux-x86_64-fedora-gcc, r-patched-solaris-x86, r-release-osx-x86_64, r-oldrel-osx-x86_64