Last updated on 2018-09-26 01:46:45 CEST.
Flavor | Version | Tinstall | Tcheck | Ttotal | Status | Flags |
---|---|---|---|---|---|---|
r-devel-linux-x86_64-debian-clang | 0.4.1 | 21.23 | 36.57 | 57.80 | WARN | --no-vignettes |
r-devel-linux-x86_64-debian-gcc | 0.4.1 | 20.49 | 29.79 | 50.28 | OK | --no-vignettes |
r-devel-linux-x86_64-fedora-clang | 0.4.1 | 232.04 | OK | |||
r-devel-linux-x86_64-fedora-gcc | 0.4.1 | 192.30 | OK | |||
r-devel-windows-ix86+x86_64 | 0.4.1 | 64.00 | 191.00 | 255.00 | OK | |
r-patched-linux-x86_64 | 0.4.1 | 24.01 | 34.03 | 58.04 | OK | --no-vignettes |
r-patched-solaris-x86 | 0.4.1 | 230.80 | OK | |||
r-release-linux-x86_64 | 0.4.1 | 26.81 | 34.45 | 61.26 | OK | --no-vignettes |
r-release-windows-ix86+x86_64 | 0.4.1 | 49.00 | 218.00 | 267.00 | OK | |
r-release-osx-x86_64 | 0.4.1 | OK | ||||
r-oldrel-windows-ix86+x86_64 | 0.4.1 | 44.00 | 281.00 | 325.00 | OK | |
r-oldrel-osx-x86_64 | 0.4.1 | OK |
Version: 0.4.1
Flags: --no-vignettes
Check: whether package can be installed
Result: WARN
Found the following significant warnings:
lib_FeasibleMatrix.cpp:53:7: warning: using integer absolute value function 'abs' when argument is of floating point type [-Wabsolute-value]
lib_FeasibleMatrix.cpp:168:9: warning: using integer absolute value function 'abs' when argument is of floating point type [-Wabsolute-value]
lib_FeasibleMatrix.cpp:176:9: warning: using integer absolute value function 'abs' when argument is of floating point type [-Wabsolute-value]
lib_sample_kcycle.cpp:141:9: warning: using integer absolute value function 'abs' when argument is of floating point type [-Wabsolute-value]
Flavor: r-devel-linux-x86_64-debian-clang