CRAN Package Check Results for Package tigger

Last updated on 2018-09-26 01:46:46 CEST.

Flavor Version Tinstall Tcheck Ttotal Status Flags
r-devel-linux-x86_64-debian-clang 0.2.11 6.16 109.74 115.90 OK
r-devel-linux-x86_64-debian-gcc 0.2.11 4.74 84.75 89.49 OK
r-devel-linux-x86_64-fedora-clang 0.2.11 137.49 OK
r-devel-linux-x86_64-fedora-gcc 0.2.11 131.43 OK
r-devel-windows-ix86+x86_64 0.2.11 17.00 121.00 138.00 OK
r-patched-linux-x86_64 0.2.11 4.87 102.04 106.91 OK
r-patched-solaris-x86 0.2.11 148.40 WARN
r-release-linux-x86_64 0.2.11 5.74 101.65 107.39 OK
r-release-windows-ix86+x86_64 0.2.11 17.00 161.00 178.00 OK
r-release-osx-x86_64 0.2.11 OK
r-oldrel-windows-ix86+x86_64 0.2.11 10.00 191.00 201.00 OK
r-oldrel-osx-x86_64 0.2.11 WARN

Check Details

Version: 0.2.11
Check: re-building of vignette outputs
Result: WARN
    Error in re-building vignettes:
     ...
    Warning in engine$weave(file, quiet = quiet, encoding = enc) :
     The vignette engine knitr::rmarkdown is not available, because the rmarkdown package is not installed. Please install it.
    Loading required package: ggplot2
    
    Attaching package: 'dplyr'
    
    The following objects are masked from 'package:stats':
    
     filter, lag
    
    The following objects are masked from 'package:base':
    
     intersect, setdiff, setequal, union
    
    sh: nproc: not found
    Quitting from lines 111-113 (Tigger-Vignette.Rmd)
    Error: processing vignette 'Tigger-Vignette.Rmd' failed with diagnostics:
    error in running command: 'Illegal seek'
    Execution halted
Flavor: r-patched-solaris-x86

Version: 0.2.11
Check: re-building of vignette outputs
Result: WARN
    Error in re-building vignettes:
     ...
    Warning in engine$weave(file, quiet = quiet, encoding = enc) :
     Pandoc (>= 1.12.3) and/or pandoc-citeproc not available. Falling back to R Markdown v1.
    Loading required package: ggplot2
    
    Attaching package: 'dplyr'
    
    The following objects are masked from 'package:stats':
    
     filter, lag
    
    The following objects are masked from 'package:base':
    
     intersect, setdiff, setequal, union
    
    sh: sysctl: command not found
    Quitting from lines 111-113 (Tigger-Vignette.Rmd)
    Error: processing vignette 'Tigger-Vignette.Rmd' failed with diagnostics:
    error in running command
    Execution halted
Flavor: r-oldrel-osx-x86_64