Last updated on 2018-09-26 01:46:46 CEST.
Flavor | Version | Tinstall | Tcheck | Ttotal | Status | Flags |
---|---|---|---|---|---|---|
r-devel-linux-x86_64-debian-clang | 1.3-8 | 5.60 | 27.66 | 33.26 | OK | |
r-devel-linux-x86_64-debian-gcc | 1.3-8 | 4.93 | 21.94 | 26.87 | OK | |
r-devel-linux-x86_64-fedora-clang | 1.3-8 | 40.49 | NOTE | |||
r-devel-linux-x86_64-fedora-gcc | 1.3-8 | 40.25 | NOTE | |||
r-devel-windows-ix86+x86_64 | 1.3-8 | 29.00 | 49.00 | 78.00 | OK | |
r-patched-linux-x86_64 | 1.3-8 | 5.17 | 26.15 | 31.32 | OK | |
r-patched-solaris-x86 | 1.3-8 | 52.80 | OK | |||
r-release-linux-x86_64 | 1.3-8 | 6.26 | 26.47 | 32.73 | OK | |
r-release-windows-ix86+x86_64 | 1.3-8 | 29.00 | 43.00 | 72.00 | OK | |
r-release-osx-x86_64 | 1.3-8 | OK | ||||
r-oldrel-windows-ix86+x86_64 | 1.3-8 | 20.00 | 47.00 | 67.00 | OK | |
r-oldrel-osx-x86_64 | 1.3-8 | OK |
Version: 1.3-8
Check: compiled code
Result: NOTE
File ‘tripack/libs/tripack.so’:
Found no call to: ‘R_useDynamicSymbols’
It is good practice to register native routines and to disable symbol
search.
See ‘Writing portable packages’ in the ‘Writing R Extensions’ manual.
Flavors: r-devel-linux-x86_64-fedora-clang, r-devel-linux-x86_64-fedora-gcc