Last updated on 2018-09-26 01:46:48 CEST.
Flavor | Version | Tinstall | Tcheck | Ttotal | Status | Flags |
---|---|---|---|---|---|---|
r-devel-linux-x86_64-debian-clang | 1.0 | 12.15 | 46.98 | 59.13 | OK | |
r-devel-linux-x86_64-debian-gcc | 1.0 | 8.47 | 37.54 | 46.01 | WARN | |
r-devel-linux-x86_64-fedora-clang | 1.0 | 70.61 | OK | |||
r-devel-linux-x86_64-fedora-gcc | 1.0 | 68.62 | WARN | |||
r-devel-windows-ix86+x86_64 | 1.0 | 41.00 | 121.00 | 162.00 | OK | |
r-patched-linux-x86_64 | 1.0 | 10.05 | 45.93 | 55.98 | WARN | |
r-patched-solaris-x86 | 1.0 | 117.90 | OK | |||
r-release-linux-x86_64 | 1.0 | 10.46 | 45.01 | 55.47 | WARN | |
r-release-windows-ix86+x86_64 | 1.0 | 33.00 | 149.00 | 182.00 | OK | |
r-release-osx-x86_64 | 1.0 | OK | ||||
r-oldrel-windows-ix86+x86_64 | 1.0 | 32.00 | 149.00 | 181.00 | OK | |
r-oldrel-osx-x86_64 | 1.0 | OK |
Version: 1.0
Check: whether package can be installed
Result: WARN
Found the following significant warnings:
libxlsxwriter/xmlwriter.c:156:17: warning: ‘strncat’ specified bound 5 equals source length [-Wstringop-overflow=]
libxlsxwriter/xmlwriter.c:160:17: warning: ‘strncat’ specified bound 4 equals source length [-Wstringop-overflow=]
libxlsxwriter/xmlwriter.c:164:17: warning: ‘strncat’ specified bound 4 equals source length [-Wstringop-overflow=]
libxlsxwriter/xmlwriter.c:168:17: warning: ‘strncat’ specified bound 6 equals source length [-Wstringop-overflow=]
libxlsxwriter/xmlwriter.c:198:17: warning: ‘strncat’ specified bound 5 equals source length [-Wstringop-overflow=]
libxlsxwriter/xmlwriter.c:202:17: warning: ‘strncat’ specified bound 4 equals source length [-Wstringop-overflow=]
libxlsxwriter/xmlwriter.c:206:17: warning: ‘strncat’ specified bound 4 equals source length [-Wstringop-overflow=]
tmpfileplus/tmpfileplus.c:172:3: warning: ‘strncpy’ specified bound 4097 equals destination size [-Wstringop-truncation]
Flavors: r-devel-linux-x86_64-debian-gcc, r-devel-linux-x86_64-fedora-gcc, r-patched-linux-x86_64, r-release-linux-x86_64