Last updated on 2018-09-26 01:46:48 CEST.
Flavor | Version | Tinstall | Tcheck | Ttotal | Status | Flags |
---|---|---|---|---|---|---|
r-devel-linux-x86_64-debian-clang | 1.9.0 | 7.52 | 68.14 | 75.66 | OK | |
r-devel-linux-x86_64-debian-gcc | 1.9.0 | 8.30 | 53.19 | 61.49 | OK | |
r-devel-linux-x86_64-fedora-clang | 1.9.0 | 91.63 | OK | |||
r-devel-linux-x86_64-fedora-gcc | 1.9.0 | 89.56 | OK | |||
r-devel-windows-ix86+x86_64 | 1.9.0 | 21.00 | 82.00 | 103.00 | OK | |
r-patched-linux-x86_64 | 1.9.0 | 6.62 | 64.93 | 71.55 | OK | |
r-patched-solaris-x86 | 1.9.0 | 17.20 | ERROR | |||
r-release-linux-x86_64 | 1.9.0 | 9.29 | 64.70 | 73.99 | OK | |
r-release-windows-ix86+x86_64 | 1.9.0 | 15.00 | 108.00 | 123.00 | OK | |
r-release-osx-x86_64 | 1.9.0 | OK | ||||
r-oldrel-windows-ix86+x86_64 | 1.9.0 | 14.00 | 106.00 | 120.00 | OK | |
r-oldrel-osx-x86_64 | 1.9.0 | OK |
Version: 1.9.0
Check: whether package can be installed
Result: ERROR
Installation failed.
Flavor: r-patched-solaris-x86