CRAN Package Check Results for Package ACEt

Last updated on 2018-10-19 01:46:12 CEST.

Flavor Version Tinstall Tcheck Ttotal Status Flags
r-devel-linux-x86_64-debian-clang 1.8.0 80.25 38.15 118.40 OK
r-devel-linux-x86_64-debian-gcc 1.8.0 58.32 30.83 89.15 OK
r-devel-linux-x86_64-fedora-clang 1.8.0 166.17 NOTE
r-devel-linux-x86_64-fedora-gcc 1.8.0 137.67 OK
r-devel-windows-ix86+x86_64 1.8.0 160.00 100.00 260.00 OK
r-patched-linux-x86_64 1.8.0 72.97 35.05 108.02 OK
r-patched-solaris-x86 1.8.0 144.70 OK
r-release-linux-x86_64 1.8.0 66.32 35.75 102.07 OK
r-release-windows-ix86+x86_64 1.8.0 128.00 85.00 213.00 OK
r-release-osx-x86_64 1.8.0 OK
r-oldrel-windows-ix86+x86_64 1.8.0 112.00 70.00 182.00 OK
r-oldrel-osx-x86_64 1.8.0 OK

Check Details

Version: 1.8.0
Check: installed package size
Result: NOTE
     installed size is 5.4Mb
     sub-directories of 1Mb or more:
     libs 5.1Mb
Flavor: r-devel-linux-x86_64-fedora-clang