CRAN Package Check Results for Package AnalyzeFMRI

Last updated on 2018-10-19 01:46:12 CEST.

Flavor Version Tinstall Tcheck Ttotal Status Flags
r-devel-linux-x86_64-debian-clang 1.1-17 25.96 60.66 86.62 OK
r-devel-linux-x86_64-debian-gcc 1.1-17 19.53 47.81 67.34 WARN
r-devel-linux-x86_64-fedora-clang 1.1-17 102.80 OK
r-devel-linux-x86_64-fedora-gcc 1.1-17 100.01 WARN
r-devel-windows-ix86+x86_64 1.1-17 67.00 140.00 207.00 OK
r-patched-linux-x86_64 1.1-17 21.44 58.89 80.33 WARN
r-patched-solaris-x86 1.1-17 137.60 OK
r-release-linux-x86_64 1.1-17 22.84 59.84 82.68 WARN
r-release-windows-ix86+x86_64 1.1-17 50.00 131.00 181.00 OK
r-release-osx-x86_64 1.1-17 OK
r-oldrel-windows-ix86+x86_64 1.1-17 45.00 151.00 196.00 OK
r-oldrel-osx-x86_64 1.1-17 OK

Check Details

Version: 1.1-17
Check: whether package can be installed
Result: WARN
    Found the following significant warnings:
     analyzeFMRI.c:948:3: warning: ‘strncat’ specified bound depends on the length of the source argument [-Wstringop-overflow=]
     analyzeFMRI.c:975:5: warning: ‘strncat’ specified bound depends on the length of the source argument [-Wstringop-overflow=]
Flavors: r-devel-linux-x86_64-debian-gcc, r-devel-linux-x86_64-fedora-gcc, r-patched-linux-x86_64, r-release-linux-x86_64