CRAN Package Check Results for Package Arothron

Last updated on 2018-10-19 01:46:13 CEST.

Flavor Version Tinstall Tcheck Ttotal Status Flags
r-devel-linux-x86_64-debian-clang 1.0.2 7.78 88.78 96.56 OK
r-devel-linux-x86_64-debian-gcc 1.0.2 6.17 72.37 78.54 OK
r-devel-linux-x86_64-fedora-clang 1.0.2 116.62 OK
r-devel-linux-x86_64-fedora-gcc 1.0.2 112.48 OK
r-devel-windows-ix86+x86_64 1.0.2 23.00 139.00 162.00 OK
r-patched-linux-x86_64 1.0.2 6.18 77.55 83.73 OK
r-patched-solaris-x86 1.0.2 166.30 OK
r-release-linux-x86_64 1.0.2 6.14 77.53 83.67 OK
r-release-windows-ix86+x86_64 1.0.2 19.00 124.00 143.00 OK
r-release-osx-x86_64 1.0.2 WARN
r-oldrel-windows-ix86+x86_64 1.0.2 16.00 138.00 154.00 OK
r-oldrel-osx-x86_64 1.0.2 WARN

Check Details

Version: 1.0.2
Check: whether package can be installed
Result: WARN
    Found the following significant warnings:
     Warning: 'rgl_init' failed, running with rgl.useNULL = TRUE
Flavors: r-release-osx-x86_64, r-oldrel-osx-x86_64