CRAN Package Check Results for Package BVSNLP

Last updated on 2018-10-19 01:46:15 CEST.

Flavor Version Tinstall Tcheck Ttotal Status Flags
r-devel-linux-x86_64-debian-clang 1.1.5 66.78 38.20 104.98 NOTE
r-devel-linux-x86_64-debian-gcc 1.1.5 61.18 30.89 92.07 NOTE
r-devel-linux-x86_64-fedora-clang 1.1.5 143.53 NOTE
r-devel-linux-x86_64-fedora-gcc 1.1.5 142.82 OK
r-devel-windows-ix86+x86_64 1.1.5 152.00 91.00 243.00 OK
r-patched-linux-x86_64 1.1.5 75.04 36.35 111.39 NOTE
r-patched-solaris-x86 1.1.5 143.10 OK
r-release-linux-x86_64 1.1.5 70.68 36.61 107.29 NOTE
r-release-windows-ix86+x86_64 1.1.5 155.00 110.00 265.00 OK
r-release-osx-x86_64 1.1.5 NOTE
r-oldrel-windows-ix86+x86_64 1.1.5 112.00 114.00 226.00 OK
r-oldrel-osx-x86_64 1.1.5 NOTE

Check Details

Version: 1.1.5
Check: dependencies in R code
Result: NOTE
    gimli.22467hfi_wait_for_device: The /dev/hfi1_0 device failed to appear after 15.0 seconds: Connection timed out
Flavor: r-devel-linux-x86_64-debian-clang

Version: 1.1.5
Check: dependencies in R code
Result: NOTE
    gimli2.17549hfi_wait_for_device: The /dev/hfi1_0 device failed to appear after 15.0 seconds: Connection timed out
Flavor: r-devel-linux-x86_64-debian-gcc

Version: 1.1.5
Check: installed package size
Result: NOTE
     installed size is 18.8Mb
     sub-directories of 1Mb or more:
     libs 18.6Mb
Flavors: r-devel-linux-x86_64-fedora-clang, r-release-osx-x86_64, r-oldrel-osx-x86_64

Version: 1.1.5
Check: dependencies in R code
Result: NOTE
    gimli.25188hfi_wait_for_device: The /dev/hfi1_0 device failed to appear after 15.0 seconds: Connection timed out
Flavor: r-patched-linux-x86_64

Version: 1.1.5
Check: dependencies in R code
Result: NOTE
    gimli.1872hfi_wait_for_device: The /dev/hfi1_0 device failed to appear after 15.0 seconds: Connection timed out
Flavor: r-release-linux-x86_64

Version: 1.1.5
Check: package dependencies
Result: NOTE
    Package suggested but not available for checking: ‘doMPI’
Flavors: r-release-osx-x86_64, r-oldrel-osx-x86_64