CRAN Package Check Results for Package BaTFLED3D

Last updated on 2018-10-19 01:46:13 CEST.

Flavor Version Tinstall Tcheck Ttotal Status Flags
r-devel-linux-x86_64-debian-clang 0.2.11 9.05 113.65 122.70 OK
r-devel-linux-x86_64-debian-gcc 0.2.11 6.90 87.30 94.20 OK
r-devel-linux-x86_64-fedora-clang 0.2.11 141.40 OK
r-devel-linux-x86_64-fedora-gcc 0.2.11 138.62 OK
r-devel-windows-ix86+x86_64 0.2.11 16.00 116.00 132.00 NOTE
r-patched-linux-x86_64 0.2.11 9.55 112.94 122.49 OK
r-patched-solaris-x86 0.2.11 174.10 OK
r-release-linux-x86_64 0.2.11 7.66 112.56 120.22 OK
r-release-windows-ix86+x86_64 0.2.11 13.00 164.00 177.00 NOTE
r-release-osx-x86_64 0.2.11 OK
r-oldrel-windows-ix86+x86_64 0.2.11 4.00 122.00 126.00 NOTE
r-oldrel-osx-x86_64 0.2.11 OK

Check Details

Version: 0.2.11
Check: package dependencies
Result: NOTE
    Package suggested but not available for checking: 'doMC'
Flavors: r-devel-windows-ix86+x86_64, r-release-windows-ix86+x86_64, r-oldrel-windows-ix86+x86_64