Last updated on 2018-10-19 01:46:14 CEST.
Flavor | Version | Tinstall | Tcheck | Ttotal | Status | Flags |
---|---|---|---|---|---|---|
r-devel-linux-x86_64-debian-clang | 1.2.0 | 2.43 | 22.31 | 24.74 | OK | |
r-devel-linux-x86_64-debian-gcc | 1.2.0 | 2.05 | 17.57 | 19.62 | OK | |
r-devel-linux-x86_64-fedora-clang | 1.2.0 | 29.61 | NOTE | |||
r-devel-linux-x86_64-fedora-gcc | 1.2.0 | 27.46 | NOTE | |||
r-devel-windows-ix86+x86_64 | 1.2.0 | 10.00 | 49.00 | 59.00 | OK | |
r-patched-linux-x86_64 | 1.2.0 | 2.54 | 20.55 | 23.09 | OK | |
r-patched-solaris-x86 | 1.2.0 | 41.10 | OK | |||
r-release-linux-x86_64 | 1.2.0 | 2.41 | 20.65 | 23.06 | OK | |
r-release-windows-ix86+x86_64 | 1.2.0 | 11.00 | 49.00 | 60.00 | OK | |
r-release-osx-x86_64 | 1.2.0 | OK | ||||
r-oldrel-windows-ix86+x86_64 | 1.2.0 | 6.00 | 35.00 | 41.00 | OK | |
r-oldrel-osx-x86_64 | 1.2.0 | OK |
Version: 1.2.0
Check: compiled code
Result: NOTE
File ‘BenfordTests/libs/BenfordTests.so’:
Found no calls to: ‘R_registerRoutines’, ‘R_useDynamicSymbols’
It is good practice to register native routines and to disable symbol
search.
See ‘Writing portable packages’ in the ‘Writing R Extensions’ manual.
Flavors: r-devel-linux-x86_64-fedora-clang, r-devel-linux-x86_64-fedora-gcc