Last updated on 2018-10-19 01:46:14 CEST.
Flavor | Version | Tinstall | Tcheck | Ttotal | Status | Flags |
---|---|---|---|---|---|---|
r-devel-linux-x86_64-debian-clang | 0.1-6 | 29.30 | 586.59 | 615.89 | OK | |
r-devel-linux-x86_64-debian-gcc | 0.1-6 | 28.82 | 455.26 | 484.08 | OK | |
r-devel-linux-x86_64-fedora-clang | 0.1-6 | 749.58 | OK | |||
r-devel-linux-x86_64-fedora-gcc | 0.1-6 | 734.22 | OK | |||
r-devel-windows-ix86+x86_64 | 0.1-6 | 77.00 | 844.00 | 921.00 | OK | |
r-patched-linux-x86_64 | 0.1-6 | 23.02 | 506.39 | 529.41 | OK | |
r-patched-solaris-x86 | 0.1-6 | 4.00 | ERROR | |||
r-release-linux-x86_64 | 0.1-6 | 27.24 | 504.39 | 531.63 | OK | |
r-release-windows-ix86+x86_64 | 0.1-6 | 73.00 | 755.00 | 828.00 | OK | |
r-release-osx-x86_64 | 0.1-6 | ERROR | ||||
r-oldrel-windows-ix86+x86_64 | 0.1-6 | 43.00 | 783.00 | 826.00 | OK | |
r-oldrel-osx-x86_64 | 0.1-6 | ERROR |
Version: 0.1-6
Check: package dependencies
Result: ERROR
Package required but not available: ‘csaw’
See section ‘The DESCRIPTION file’ in the ‘Writing R Extensions’
manual.
Flavors: r-patched-solaris-x86, r-oldrel-osx-x86_64
Version: 0.1-6
Check: package dependencies
Result: ERROR
Packages required but not available: ‘Rsamtools’ ‘GenomicAlignments’ ‘csaw’
See section ‘The DESCRIPTION file’ in the ‘Writing R Extensions’
manual.
Flavor: r-release-osx-x86_64