Last updated on 2018-10-19 01:46:19 CEST.
Flavor | Version | Tinstall | Tcheck | Ttotal | Status | Flags |
---|---|---|---|---|---|---|
r-devel-linux-x86_64-debian-clang | 0.2.0 | 8.07 | 283.91 | 291.98 | OK | |
r-devel-linux-x86_64-debian-gcc | 0.2.0 | 4.99 | 218.96 | 223.95 | OK | |
r-devel-linux-x86_64-fedora-clang | 0.2.0 | 344.20 | NOTE | |||
r-devel-linux-x86_64-fedora-gcc | 0.2.0 | 338.33 | NOTE | |||
r-devel-windows-ix86+x86_64 | 0.2.0 | 15.00 | 349.00 | 364.00 | OK | |
r-patched-linux-x86_64 | 0.2.0 | 5.92 | 265.04 | 270.96 | OK | |
r-patched-solaris-x86 | 0.2.0 | 500.90 | NOTE | |||
r-release-linux-x86_64 | 0.2.0 | 5.35 | 263.01 | 268.36 | OK | |
r-release-windows-ix86+x86_64 | 0.2.0 | 15.00 | 337.00 | 352.00 | OK | |
r-release-osx-x86_64 | 0.2.0 | NOTE | ||||
r-oldrel-windows-ix86+x86_64 | 0.2.0 | 10.00 | 274.00 | 284.00 | OK | |
r-oldrel-osx-x86_64 | 0.2.0 | NOTE |
Version: 0.2.0
Check: dependencies in R code
Result: NOTE
Namespace in Imports field not imported from: ‘mgcv’
All declared Imports should be used.
Flavors: r-devel-linux-x86_64-fedora-clang, r-devel-linux-x86_64-fedora-gcc, r-patched-solaris-x86, r-release-osx-x86_64, r-oldrel-osx-x86_64