Last updated on 2018-10-19 01:46:20 CEST.
Flavor | Version | Tinstall | Tcheck | Ttotal | Status | Flags |
---|---|---|---|---|---|---|
r-devel-linux-x86_64-debian-clang | 0.3.0 | 28.64 | 48.21 | 76.85 | OK | |
r-devel-linux-x86_64-debian-gcc | 0.3.0 | 24.83 | 36.68 | 61.51 | OK | |
r-devel-linux-x86_64-fedora-clang | 0.3.0 | 101.74 | NOTE | |||
r-devel-linux-x86_64-fedora-gcc | 0.3.0 | 97.46 | NOTE | |||
r-devel-windows-ix86+x86_64 | 0.3.0 | 74.00 | 125.00 | 199.00 | OK | |
r-patched-linux-x86_64 | 0.3.0 | 32.47 | 43.48 | 75.95 | OK | |
r-patched-solaris-x86 | 0.3.0 | 101.10 | NOTE | |||
r-release-linux-x86_64 | 0.3.0 | 34.01 | 44.37 | 78.38 | OK | |
r-release-windows-ix86+x86_64 | 0.3.0 | 79.00 | 111.00 | 190.00 | OK | |
r-release-osx-x86_64 | 0.3.0 | NOTE | ||||
r-oldrel-windows-ix86+x86_64 | 0.3.0 | 52.00 | 84.00 | 136.00 | OK | |
r-oldrel-osx-x86_64 | 0.3.0 | NOTE |
Version: 0.3.0
Check: dependencies in R code
Result: NOTE
Namespace in Imports field not imported from: ‘Rcpp’
All declared Imports should be used.
Flavors: r-devel-linux-x86_64-fedora-clang, r-devel-linux-x86_64-fedora-gcc, r-patched-solaris-x86, r-release-osx-x86_64, r-oldrel-osx-x86_64