CRAN Package Check Results for Package EMMIXgene

Last updated on 2018-10-19 01:46:21 CEST.

Flavor Version Tinstall Tcheck Ttotal Status Flags
r-devel-linux-x86_64-debian-clang 0.1.0 48.71 74.29 123.00 OK
r-devel-linux-x86_64-debian-gcc 0.1.0 42.25 57.79 100.04 OK
r-devel-linux-x86_64-fedora-clang 0.1.0 164.60 NOTE
r-devel-linux-x86_64-fedora-gcc 0.1.0 158.90 OK
r-devel-windows-ix86+x86_64 0.1.0 131.00 179.00 310.00 OK
r-patched-linux-x86_64 0.1.0 52.83 70.34 123.17 OK
r-patched-solaris-x86 0.1.0 31.10 ERROR
r-release-linux-x86_64 0.1.0 49.95 70.24 120.19 OK
r-release-windows-ix86+x86_64 0.1.0 153.00 163.00 316.00 OK
r-release-osx-x86_64 0.1.0 NOTE
r-oldrel-windows-ix86+x86_64 0.1.0 107.00 161.00 268.00 OK
r-oldrel-osx-x86_64 0.1.0 NOTE

Check Details

Version: 0.1.0
Check: installed package size
Result: NOTE
     installed size is 6.2Mb
     sub-directories of 1Mb or more:
     data 2.0Mb
     libs 3.4Mb
Flavors: r-devel-linux-x86_64-fedora-clang, r-release-osx-x86_64, r-oldrel-osx-x86_64

Version: 0.1.0
Check: whether package can be installed
Result: ERROR
    Installation failed.
Flavor: r-patched-solaris-x86