Last updated on 2018-10-19 01:46:21 CEST.
Flavor | Version | Tinstall | Tcheck | Ttotal | Status | Flags |
---|---|---|---|---|---|---|
r-devel-linux-x86_64-debian-clang | 1.0-0 | 2.32 | 24.34 | 26.66 | NOTE | |
r-devel-linux-x86_64-debian-gcc | 1.0-0 | 1.65 | 19.36 | 21.01 | NOTE | |
r-devel-linux-x86_64-fedora-clang | 1.0-0 | 31.01 | NOTE | |||
r-devel-linux-x86_64-fedora-gcc | 1.0-0 | 29.97 | NOTE | |||
r-devel-windows-ix86+x86_64 | 1.0-0 | 4.00 | 59.00 | 63.00 | NOTE | |
r-patched-linux-x86_64 | 1.0-0 | 1.38 | 22.19 | 23.57 | NOTE | |
r-patched-solaris-x86 | 1.0-0 | 43.10 | NOTE | |||
r-release-linux-x86_64 | 1.0-0 | 1.67 | 22.37 | 24.04 | NOTE | |
r-release-windows-ix86+x86_64 | 1.0-0 | 4.00 | 51.00 | 55.00 | NOTE | |
r-release-osx-x86_64 | 1.0-0 | NOTE | ||||
r-oldrel-windows-ix86+x86_64 | 1.0-0 | 3.00 | 45.00 | 48.00 | NOTE | |
r-oldrel-osx-x86_64 | 1.0-0 | NOTE |
Version: 1.0-0
Check: DESCRIPTION meta-information
Result: NOTE
Malformed Description field: should contain one or more complete sentences.
Flavors: r-devel-linux-x86_64-debian-clang, r-devel-linux-x86_64-debian-gcc, r-devel-linux-x86_64-fedora-clang, r-devel-linux-x86_64-fedora-gcc, r-devel-windows-ix86+x86_64, r-patched-linux-x86_64, r-patched-solaris-x86, r-release-linux-x86_64, r-release-windows-ix86+x86_64, r-release-osx-x86_64, r-oldrel-windows-ix86+x86_64, r-oldrel-osx-x86_64
Version: 1.0-0
Check: R code for possible problems
Result: NOTE
.getFactor: no visible global function definition for ‘integrate’
check.cumulants: no visible global function definition for ‘runif’
edgeworth: no visible global function definition for ‘dnorm’
eql : getEQL: no visible binding for global variable ‘glm’
eql: no visible global function definition for ‘splinefun’
eql: no visible binding for global variable ‘glm’
eql : <anonymous>: no visible global function definition for ‘glm’
plot.approximation: no visible global function definition for ‘mtext’
plot.eql: no visible global function definition for ‘points’
plot.eql: no visible global function definition for ‘par’
plot.eql: no visible global function definition for ‘segments’
plot.eql: no visible global function definition for ‘qchisq’
plot.eql: no visible global function definition for ‘text’
plot.eql: no visible global function definition for ‘abline’
plot.eql : eql.panel: no visible global function definition for
‘qchisq’
plot.eql: no visible global function definition for ‘colorRampPalette’
plot.eql: no visible global function definition for ‘heat.colors’
varianceFamily : devf : <anonymous>: no visible global function
definition for ‘integrate’
varianceFamily: no visible global function definition for ‘make.link’
Undefined global functions or variables:
abline colorRampPalette dnorm glm heat.colors integrate make.link
mtext par points qchisq runif segments splinefun text
Consider adding
importFrom("grDevices", "colorRampPalette", "heat.colors")
importFrom("graphics", "abline", "mtext", "par", "points", "segments",
"text")
importFrom("stats", "dnorm", "glm", "integrate", "make.link", "qchisq",
"runif", "splinefun")
to your NAMESPACE file.
Flavors: r-devel-linux-x86_64-debian-clang, r-devel-linux-x86_64-debian-gcc, r-devel-linux-x86_64-fedora-clang, r-devel-linux-x86_64-fedora-gcc, r-devel-windows-ix86+x86_64, r-patched-linux-x86_64, r-patched-solaris-x86, r-release-linux-x86_64, r-release-windows-ix86+x86_64, r-release-osx-x86_64, r-oldrel-windows-ix86+x86_64, r-oldrel-osx-x86_64