CRAN Package Check Results for Package Eagle

Last updated on 2018-10-19 01:46:20 CEST.

Flavor Version Tinstall Tcheck Ttotal Status Flags
r-devel-linux-x86_64-debian-clang 1.1.0 163.63 43.92 207.55 OK
r-devel-linux-x86_64-debian-gcc 1.1.0 139.91 35.10 175.01 OK
r-devel-linux-x86_64-fedora-clang 1.1.0 315.52 NOTE
r-devel-linux-x86_64-fedora-gcc 1.1.0 287.99 OK
r-devel-windows-ix86+x86_64 1.1.0 455.00 80.00 535.00 OK
r-patched-linux-x86_64 1.1.0 152.80 39.46 192.26 OK
r-patched-solaris-x86 1.1.0 236.10 OK
r-release-linux-x86_64 1.1.0 153.18 39.69 192.87 OK
r-release-windows-ix86+x86_64 1.1.0 474.00 114.00 588.00 OK
r-release-osx-x86_64 1.1.0 NOTE
r-oldrel-windows-ix86+x86_64 1.1.0 347.00 99.00 446.00 OK
r-oldrel-osx-x86_64 1.1.0 NOTE

Check Details

Version: 1.1.0
Check: installed package size
Result: NOTE
     installed size is 9.0Mb
     sub-directories of 1Mb or more:
     libs 7.8Mb
Flavors: r-devel-linux-x86_64-fedora-clang, r-release-osx-x86_64, r-oldrel-osx-x86_64