CRAN Package Check Results for Package EstSimPDMP

Last updated on 2018-10-19 01:46:21 CEST.

Flavor Version Tinstall Tcheck Ttotal Status Flags
r-devel-linux-x86_64-debian-clang 1.2 1.32 23.62 24.94 NOTE
r-devel-linux-x86_64-debian-gcc 1.2 1.16 18.78 19.94 NOTE
r-devel-linux-x86_64-fedora-clang 1.2 29.98 NOTE
r-devel-linux-x86_64-fedora-gcc 1.2 28.44 NOTE
r-devel-windows-ix86+x86_64 1.2 3.00 45.00 48.00 NOTE
r-patched-linux-x86_64 1.2 1.04 21.90 22.94 NOTE
r-patched-solaris-x86 1.2 40.40 NOTE
r-release-linux-x86_64 1.2 1.15 22.33 23.48 NOTE
r-release-windows-ix86+x86_64 1.2 4.00 29.00 33.00 NOTE
r-release-osx-x86_64 1.2 NOTE
r-oldrel-windows-ix86+x86_64 1.2 2.00 29.00 31.00 NOTE
r-oldrel-osx-x86_64 1.2 NOTE

Check Details

Version: 1.2
Check: R code for possible problems
Result: NOTE
    .Transition: no visible global function definition for ‘rnorm’
    .Transition.DC: no visible global function definition for ‘runif’
    CondPdf.CC.interval: no visible global function definition for ‘plot’
    CondPdf.DC.interval: no visible global function definition for ‘plot’
    Simu.Cond.HR: no visible global function definition for ‘rpois’
    Simu.Cond.HR: no visible global function definition for ‘runif’
    Simu.Cond.HR: no visible global function definition for ‘hist’
    Simu.Cond.HR: no visible global function definition for ‘var’
    Simu.HR: no visible global function definition for ‘rpois’
    Simu.HR: no visible global function definition for ‘runif’
    Simu.HR: no visible global function definition for ‘hist’
    Simu.HR: no visible global function definition for ‘var’
    Simu.PDMP: no visible global function definition for ‘plot’
    Simu.PDMP.DC: no visible global function definition for ‘plot’
    plotCHR: no visible global function definition for ‘plot’
    plotHR: no visible global function definition for ‘plot’
    Undefined global functions or variables:
     hist plot rnorm rpois runif var
    Consider adding
     importFrom("graphics", "hist", "plot")
     importFrom("stats", "rnorm", "rpois", "runif", "var")
    to your NAMESPACE file.
Flavors: r-devel-linux-x86_64-debian-clang, r-devel-linux-x86_64-debian-gcc, r-devel-linux-x86_64-fedora-clang, r-devel-linux-x86_64-fedora-gcc, r-devel-windows-ix86+x86_64, r-patched-linux-x86_64, r-patched-solaris-x86, r-release-linux-x86_64, r-release-windows-ix86+x86_64, r-release-osx-x86_64, r-oldrel-windows-ix86+x86_64, r-oldrel-osx-x86_64