Last updated on 2018-10-19 01:46:22 CEST.
Flavor | Version | Tinstall | Tcheck | Ttotal | Status | Flags |
---|---|---|---|---|---|---|
r-devel-linux-x86_64-debian-clang | 1.4.0 | 17.65 | 244.02 | 261.67 | OK | |
r-devel-linux-x86_64-debian-gcc | 1.4.0 | 14.83 | 190.25 | 205.08 | OK | |
r-devel-linux-x86_64-fedora-clang | 1.4.0 | 309.29 | NOTE | |||
r-devel-linux-x86_64-fedora-gcc | 1.4.0 | 298.77 | NOTE | |||
r-devel-windows-ix86+x86_64 | 1.4.0 | 40.00 | 359.00 | 399.00 | NOTE | |
r-patched-linux-x86_64 | 1.4.0 | 14.74 | 216.43 | 231.17 | OK | |
r-patched-solaris-x86 | 1.4.0 | 396.40 | NOTE | |||
r-release-linux-x86_64 | 1.4.0 | 14.61 | 214.83 | 229.44 | OK | |
r-release-windows-ix86+x86_64 | 1.4.0 | 44.00 | 303.00 | 347.00 | NOTE | |
r-release-osx-x86_64 | 1.4.0 | NOTE | ||||
r-oldrel-windows-ix86+x86_64 | 1.4.0 | 24.00 | 342.00 | 366.00 | NOTE | |
r-oldrel-osx-x86_64 | 1.4.0 | NOTE |
Version: 1.4.0
Check: installed package size
Result: NOTE
installed size is 5.9Mb
sub-directories of 1Mb or more:
doc 4.6Mb
Flavors: r-devel-linux-x86_64-fedora-clang, r-devel-windows-ix86+x86_64, r-patched-solaris-x86, r-release-windows-ix86+x86_64, r-release-osx-x86_64, r-oldrel-windows-ix86+x86_64, r-oldrel-osx-x86_64
Version: 1.4.0
Check: dependencies in R code
Result: NOTE
Namespace in Imports field not imported from: ‘pROC’
All declared Imports should be used.
Flavors: r-devel-linux-x86_64-fedora-clang, r-devel-linux-x86_64-fedora-gcc, r-patched-solaris-x86, r-release-osx-x86_64, r-oldrel-osx-x86_64