CRAN Package Check Results for Package FIACH

Last updated on 2018-10-19 01:46:22 CEST.

Flavor Version Tinstall Tcheck Ttotal Status Flags
r-devel-linux-x86_64-debian-clang 0.1.2 39.68 42.33 82.01 OK
r-devel-linux-x86_64-debian-gcc 0.1.2 35.29 33.95 69.24 OK
r-devel-linux-x86_64-fedora-clang 0.1.2 117.56 NOTE
r-devel-linux-x86_64-fedora-gcc 0.1.2 104.65 NOTE
r-devel-windows-ix86+x86_64 0.1.2 97.00 74.00 171.00 OK
r-patched-linux-x86_64 0.1.2 44.74 38.84 83.58 OK
r-patched-solaris-x86 0.1.2 117.10 OK
r-release-linux-x86_64 0.1.2 43.91 39.32 83.23 OK
r-release-windows-ix86+x86_64 0.1.2 111.00 99.00 210.00 OK
r-release-osx-x86_64 0.1.2 OK
r-oldrel-windows-ix86+x86_64 0.1.2 72.00 95.00 167.00 OK
r-oldrel-osx-x86_64 0.1.2 OK

Check Details

Version: 0.1.2
Check: compiled code
Result: NOTE
    File ‘FIACH/libs/FIACH.so’:
     Found no calls to: ‘R_registerRoutines’, ‘R_useDynamicSymbols’
    
    It is good practice to register native routines and to disable symbol
    search.
    
    See ‘Writing portable packages’ in the ‘Writing R Extensions’ manual.
Flavors: r-devel-linux-x86_64-fedora-clang, r-devel-linux-x86_64-fedora-gcc