CRAN Package Check Results for Package ForestTools

Last updated on 2018-10-19 01:46:23 CEST.

Flavor Version Tinstall Tcheck Ttotal Status Flags
r-devel-linux-x86_64-debian-clang 0.2.0 3.13 96.64 99.77 OK
r-devel-linux-x86_64-debian-gcc 0.2.0 2.40 77.35 79.75 OK
r-devel-linux-x86_64-fedora-clang 0.2.0 118.02 NOTE
r-devel-linux-x86_64-fedora-gcc 0.2.0 116.77 NOTE
r-devel-windows-ix86+x86_64 0.2.0 7.00 142.00 149.00 OK
r-patched-linux-x86_64 0.2.0 3.60 88.40 92.00 OK
r-patched-solaris-x86 0.2.0 147.20 NOTE
r-release-linux-x86_64 0.2.0 2.85 89.52 92.37 OK
r-release-windows-ix86+x86_64 0.2.0 8.00 122.00 130.00 OK
r-release-osx-x86_64 0.2.0 NOTE
r-oldrel-windows-ix86+x86_64 0.2.0 5.00 121.00 126.00 OK
r-oldrel-osx-x86_64 0.2.0 NOTE

Check Details

Version: 0.2.0
Check: dependencies in R code
Result: NOTE
    Namespace in Imports field not imported from: ‘methods’
     All declared Imports should be used.
Flavors: r-devel-linux-x86_64-fedora-clang, r-devel-linux-x86_64-fedora-gcc, r-patched-solaris-x86, r-release-osx-x86_64, r-oldrel-osx-x86_64