Last updated on 2018-10-19 01:46:25 CEST.
Flavor | Version | Tinstall | Tcheck | Ttotal | Status | Flags |
---|---|---|---|---|---|---|
r-devel-linux-x86_64-debian-clang | 1.0.4 | 16.01 | 25.61 | 41.62 | OK | |
r-devel-linux-x86_64-debian-gcc | 1.0.4 | 13.72 | 20.65 | 34.37 | OK | |
r-devel-linux-x86_64-fedora-clang | 1.0.4 | 54.78 | OK | |||
r-devel-linux-x86_64-fedora-gcc | 1.0.4 | 53.10 | OK | |||
r-devel-windows-ix86+x86_64 | 1.0.4 | 41.00 | 54.00 | 95.00 | OK | |
r-patched-linux-x86_64 | 1.0.4 | 17.18 | 22.42 | 39.60 | NOTE | |
r-patched-solaris-x86 | 1.0.4 | 66.20 | OK | |||
r-release-linux-x86_64 | 1.0.4 | 17.45 | 22.53 | 39.98 | NOTE | |
r-release-windows-ix86+x86_64 | 1.0.4 | 34.00 | 70.00 | 104.00 | OK | |
r-release-osx-x86_64 | 1.0.4 | OK | ||||
r-oldrel-windows-ix86+x86_64 | 1.0.4 | 32.00 | 66.00 | 98.00 | OK | |
r-oldrel-osx-x86_64 | 1.0.4 | OK |
Version: 1.0.4
Check: DESCRIPTION meta-information
Result: NOTE
Dependence on R version ‘3.3.3’ not with patchlevel 0
Flavors: r-patched-linux-x86_64, r-release-linux-x86_64