CRAN Package Check Results for Package HPbayes

Last updated on 2018-10-19 01:46:25 CEST.

Flavor Version Tinstall Tcheck Ttotal Status Flags
r-devel-linux-x86_64-debian-clang 0.1 2.92 40.59 43.51 NOTE
r-devel-linux-x86_64-debian-gcc 0.1 2.01 32.00 34.01 NOTE
r-devel-linux-x86_64-fedora-clang 0.1 51.20 NOTE
r-devel-linux-x86_64-fedora-gcc 0.1 50.21 NOTE
r-devel-windows-ix86+x86_64 0.1 7.00 64.00 71.00 NOTE
r-patched-linux-x86_64 0.1 2.09 38.61 40.70 NOTE
r-patched-solaris-x86 0.1 68.60 NOTE
r-release-linux-x86_64 0.1 2.54 39.43 41.97 NOTE
r-release-windows-ix86+x86_64 0.1 5.00 66.00 71.00 NOTE
r-release-osx-x86_64 0.1 NOTE
r-oldrel-windows-ix86+x86_64 0.1 4.00 50.00 54.00 NOTE
r-oldrel-osx-x86_64 0.1 NOTE

Check Details

Version: 0.1
Check: DESCRIPTION meta-information
Result: NOTE
    Malformed Description field: should contain one or more complete sentences.
Flavors: r-devel-linux-x86_64-debian-clang, r-devel-linux-x86_64-debian-gcc, r-devel-linux-x86_64-fedora-clang, r-devel-linux-x86_64-fedora-gcc, r-devel-windows-ix86+x86_64, r-patched-linux-x86_64, r-patched-solaris-x86, r-release-linux-x86_64, r-release-windows-ix86+x86_64, r-release-osx-x86_64, r-oldrel-windows-ix86+x86_64, r-oldrel-osx-x86_64

Version: 0.1
Check: R code for possible problems
Result: NOTE
    hpbayes.plot: no visible global function definition for ‘par’
    hpbayes.plot: no visible global function definition for ‘plot’
    hpbayes.plot: no visible global function definition for ‘points’
    postpri.plot: no visible global function definition for ‘par’
    postpri.plot: no visible global function definition for ‘plot’
    postpri.plot: no visible global function definition for ‘points’
    postpri.plot: no visible global function definition for ‘segments’
    postpri.plot: no visible global function definition for ‘boxplot’
    Undefined global functions or variables:
     boxplot par plot points segments
    Consider adding
     importFrom("graphics", "boxplot", "par", "plot", "points", "segments")
    to your NAMESPACE file.
Flavors: r-devel-linux-x86_64-debian-clang, r-devel-linux-x86_64-debian-gcc, r-devel-linux-x86_64-fedora-clang, r-devel-linux-x86_64-fedora-gcc, r-devel-windows-ix86+x86_64, r-patched-linux-x86_64, r-patched-solaris-x86, r-release-linux-x86_64, r-release-windows-ix86+x86_64, r-release-osx-x86_64, r-oldrel-windows-ix86+x86_64, r-oldrel-osx-x86_64