CRAN Package Check Results for Package HRM

Last updated on 2018-10-19 01:46:25 CEST.

Flavor Version Tinstall Tcheck Ttotal Status Flags
r-devel-linux-x86_64-debian-clang 0.9.1 9.38 65.98 75.36 OK
r-devel-linux-x86_64-debian-gcc 1.0.2 22.04 132.45 154.49 OK
r-devel-linux-x86_64-fedora-clang 1.0.2 226.17 OK
r-devel-linux-x86_64-fedora-gcc 1.0.2 251.39 OK
r-devel-windows-ix86+x86_64 0.9.1 19.00 97.00 116.00 OK
r-patched-linux-x86_64 1.0.2 28.86 154.48 183.34 OK
r-patched-solaris-x86 0.9.1 120.00 OK
r-release-linux-x86_64 1.0.2 21.17 156.80 177.97 OK
r-release-windows-ix86+x86_64 0.9.1 24.00 94.00 118.00 OK
r-release-osx-x86_64 1.0.2 NOTE
r-oldrel-windows-ix86+x86_64 0.9.1 7.00 76.00 83.00 OK
r-oldrel-osx-x86_64 1.0.2 NOTE

Check Details

Version: 1.0.2
Check: package dependencies
Result: NOTE
    Packages suggested but not available for checking:
     ‘RGtk2’ ‘cairoDevice’ ‘RGtk2Extras’
Flavors: r-release-osx-x86_64, r-oldrel-osx-x86_64