Last updated on 2018-10-19 01:46:25 CEST.
Flavor | Version | Tinstall | Tcheck | Ttotal | Status | Flags |
---|---|---|---|---|---|---|
r-devel-linux-x86_64-debian-clang | 0.1.2 | 1.73 | 28.55 | 30.28 | NOTE | |
r-devel-linux-x86_64-debian-gcc | 0.1.2 | 1.33 | 22.03 | 23.36 | NOTE | |
r-devel-linux-x86_64-fedora-clang | 0.1.2 | 35.25 | NOTE | |||
r-devel-linux-x86_64-fedora-gcc | 0.1.2 | 33.59 | NOTE | |||
r-devel-windows-ix86+x86_64 | 0.1.2 | 4.00 | 51.00 | 55.00 | OK | |
r-patched-linux-x86_64 | 0.1.2 | 1.53 | 26.05 | 27.58 | NOTE | |
r-patched-solaris-x86 | 0.1.2 | 3.20 | ERROR | |||
r-release-linux-x86_64 | 0.1.2 | 1.63 | 25.53 | 27.16 | NOTE | |
r-release-windows-ix86+x86_64 | 0.1.2 | 7.00 | 50.00 | 57.00 | OK | |
r-release-osx-x86_64 | 0.1.2 | OK | ||||
r-oldrel-windows-ix86+x86_64 | 0.1.2 | 3.00 | 50.00 | 53.00 | OK | |
r-oldrel-osx-x86_64 | 0.1.2 | OK |
Version: 0.1.2
Check: DESCRIPTION meta-information
Result: NOTE
Dependence on R version ‘3.4.1’ not with patchlevel 0
Flavors: r-devel-linux-x86_64-debian-clang, r-devel-linux-x86_64-debian-gcc, r-devel-linux-x86_64-fedora-clang, r-devel-linux-x86_64-fedora-gcc, r-patched-linux-x86_64, r-release-linux-x86_64
Version: 0.1.2
Check: package dependencies
Result: ERROR
Package required but not available: ‘FSelector’
See section ‘The DESCRIPTION file’ in the ‘Writing R Extensions’
manual.
Flavor: r-patched-solaris-x86