CRAN Package Check Results for Package ISOcodes

Last updated on 2018-10-19 01:46:26 CEST.

Flavor Version Tinstall Tcheck Ttotal Status Flags
r-devel-linux-x86_64-debian-clang 2018.06.29 0.96 12.23 13.19 OK
r-devel-linux-x86_64-debian-gcc 2018.06.29 0.93 9.60 10.53 OK
r-devel-linux-x86_64-fedora-clang 2018.06.29 16.45 NOTE
r-devel-linux-x86_64-fedora-gcc 2018.06.29 15.90 NOTE
r-devel-windows-ix86+x86_64 2018.06.29 4.00 31.00 35.00 OK
r-patched-linux-x86_64 2018.06.29 1.15 10.77 11.92 OK
r-patched-solaris-x86 2018.06.29 23.10 NOTE
r-release-linux-x86_64 2018.06.29 0.91 10.99 11.90 OK
r-release-windows-ix86+x86_64 2018.06.29 4.00 28.00 32.00 OK
r-release-osx-x86_64 2018.06.29 NOTE
r-oldrel-windows-ix86+x86_64 2018.06.29 4.00 21.00 25.00 OK
r-oldrel-osx-x86_64 2018.06.29 NOTE

Check Details

Version: 2018.06.29
Check: data for non-ASCII characters
Result: NOTE
     Note: found 7158 marked UTF-8 strings
Flavors: r-devel-linux-x86_64-fedora-clang, r-devel-linux-x86_64-fedora-gcc, r-patched-solaris-x86, r-release-osx-x86_64, r-oldrel-osx-x86_64