Last updated on 2018-10-19 01:46:26 CEST.
Flavor | Version | Tinstall | Tcheck | Ttotal | Status | Flags |
---|---|---|---|---|---|---|
r-devel-linux-x86_64-debian-clang | 0.3.0 | 2.37 | 39.12 | 41.49 | OK | |
r-devel-linux-x86_64-debian-gcc | 0.3.0 | 2.41 | 30.69 | 33.10 | OK | |
r-devel-linux-x86_64-fedora-clang | 0.3.0 | 49.28 | NOTE | |||
r-devel-linux-x86_64-fedora-gcc | 0.3.0 | 47.37 | NOTE | |||
r-devel-windows-ix86+x86_64 | 0.3.0 | 8.00 | 62.00 | 70.00 | OK | |
r-patched-linux-x86_64 | 0.3.0 | 2.77 | 35.35 | 38.12 | OK | |
r-patched-solaris-x86 | 0.3.0 | 57.40 | NOTE | |||
r-release-linux-x86_64 | 0.3.0 | 2.57 | 35.82 | 38.39 | OK | |
r-release-windows-ix86+x86_64 | 0.3.0 | 8.00 | 69.00 | 77.00 | OK | |
r-release-osx-x86_64 | 0.3.0 | NOTE | ||||
r-oldrel-windows-ix86+x86_64 | 0.3.0 | 5.00 | 51.00 | 56.00 | OK | |
r-oldrel-osx-x86_64 | 0.3.0 | NOTE |
Version: 0.3.0
Check: dependencies in R code
Result: NOTE
Namespace in Imports field not imported from: ‘comtradr’
All declared Imports should be used.
Flavors: r-devel-linux-x86_64-fedora-clang, r-devel-linux-x86_64-fedora-gcc, r-patched-solaris-x86, r-release-osx-x86_64, r-oldrel-osx-x86_64