Last updated on 2018-10-19 01:46:27 CEST.
Flavor | Version | Tinstall | Tcheck | Ttotal | Status | Flags |
---|---|---|---|---|---|---|
r-devel-linux-x86_64-debian-clang | 2.1 | 12.29 | 78.18 | 90.47 | OK | |
r-devel-linux-x86_64-debian-gcc | 2.1 | 11.33 | 59.52 | 70.85 | OK | |
r-devel-linux-x86_64-fedora-clang | 2.1 | 107.79 | NOTE | |||
r-devel-linux-x86_64-fedora-gcc | 2.1 | 101.65 | NOTE | |||
r-devel-windows-ix86+x86_64 | 2.1 | 26.00 | 115.00 | 141.00 | OK | |
r-patched-linux-x86_64 | 2.1 | 14.42 | 74.02 | 88.44 | OK | |
r-patched-solaris-x86 | 2.1 | 127.40 | NOTE | |||
r-release-linux-x86_64 | 2.1 | 12.29 | 73.95 | 86.24 | OK | |
r-release-windows-ix86+x86_64 | 2.1 | 27.00 | 0.00 | 27.00 | OK | |
r-release-osx-x86_64 | 2.1 | NOTE | ||||
r-oldrel-windows-ix86+x86_64 | 2.1 | 8.00 | 110.00 | 118.00 | OK | |
r-oldrel-osx-x86_64 | 2.1 | NOTE |
Version: 2.1
Check: dependencies in R code
Result: NOTE
Namespace in Imports field not imported from: ‘stinepack’
All declared Imports should be used.
Flavors: r-devel-linux-x86_64-fedora-clang, r-devel-linux-x86_64-fedora-gcc, r-patched-solaris-x86, r-release-osx-x86_64, r-oldrel-osx-x86_64