Last updated on 2018-10-19 01:46:28 CEST.
Flavor | Version | Tinstall | Tcheck | Ttotal | Status | Flags |
---|---|---|---|---|---|---|
r-devel-linux-x86_64-debian-clang | 1.0.0 | 3.40 | 43.80 | 47.20 | OK | |
r-devel-linux-x86_64-debian-gcc | 1.0.0 | 3.90 | 34.59 | 38.49 | OK | |
r-devel-linux-x86_64-fedora-clang | 1.0.0 | 55.66 | NOTE | |||
r-devel-linux-x86_64-fedora-gcc | 1.0.0 | 53.76 | NOTE | |||
r-devel-windows-ix86+x86_64 | 1.0.0 | 9.00 | 53.00 | 62.00 | OK | |
r-patched-linux-x86_64 | 1.0.0 | 4.22 | 38.11 | 42.33 | OK | |
r-patched-solaris-x86 | 1.0.0 | 70.90 | NOTE | |||
r-release-linux-x86_64 | 1.0.0 | 3.32 | 37.96 | 41.28 | OK | |
r-release-windows-ix86+x86_64 | 1.0.0 | 9.00 | 74.00 | 83.00 | OK | |
r-release-osx-x86_64 | 1.0.0 | NOTE | ||||
r-oldrel-windows-ix86+x86_64 | 1.0.0 | 6.00 | 76.00 | 82.00 | OK | |
r-oldrel-osx-x86_64 | 1.0.0 | NOTE |
Version: 1.0.0
Check: dependencies in R code
Result: NOTE
Namespace in Imports field not imported from: ‘tcltk2’
All declared Imports should be used.
Flavors: r-devel-linux-x86_64-fedora-clang, r-devel-linux-x86_64-fedora-gcc, r-patched-solaris-x86, r-release-osx-x86_64, r-oldrel-osx-x86_64