CRAN Package Check Results for Package MADPop

Last updated on 2018-10-19 01:46:28 CEST.

Flavor Version Tinstall Tcheck Ttotal Status Flags
r-devel-linux-x86_64-debian-clang 1.1 91.46 157.50 248.96 OK
r-devel-linux-x86_64-debian-gcc 1.1 89.53 126.80 216.33 OK
r-devel-linux-x86_64-fedora-clang 1.1 316.42 NOTE
r-devel-linux-x86_64-fedora-gcc 1.1 316.04 NOTE
r-devel-windows-ix86+x86_64 1.1 207.00 255.00 462.00 OK
r-patched-linux-x86_64 1.1 79.85 147.26 227.11 OK
r-patched-solaris-x86 1.1 37.10 ERROR
r-release-linux-x86_64 1.1 82.33 147.69 230.02 OK
r-release-windows-ix86+x86_64 1.1 206.00 247.00 453.00 OK
r-release-osx-x86_64 1.1 NOTE
r-oldrel-windows-ix86+x86_64 1.1 149.00 210.00 359.00 OK
r-oldrel-osx-x86_64 1.1 NOTE

Check Details

Version: 1.1
Check: installed package size
Result: NOTE
     installed size is 27.3Mb
     sub-directories of 1Mb or more:
     libs 27.0Mb
Flavors: r-devel-linux-x86_64-fedora-clang, r-release-osx-x86_64, r-oldrel-osx-x86_64

Version: 1.1
Check: dependencies in R code
Result: NOTE
    Namespace in Imports field not imported from: ‘methods’
     All declared Imports should be used.
Flavors: r-devel-linux-x86_64-fedora-clang, r-devel-linux-x86_64-fedora-gcc, r-release-osx-x86_64, r-oldrel-osx-x86_64

Version: 1.1
Check: compiled code
Result: NOTE
    File ‘MADPop/libs/MADPop.so’:
     Found no calls to: ‘R_registerRoutines’, ‘R_useDynamicSymbols’
    
    It is good practice to register native routines and to disable symbol
    search.
    
    See ‘Writing portable packages’ in the ‘Writing R Extensions’ manual.
Flavors: r-devel-linux-x86_64-fedora-clang, r-devel-linux-x86_64-fedora-gcc

Version: 1.1
Check: whether package can be installed
Result: ERROR
    Installation failed.
Flavor: r-patched-solaris-x86