Last updated on 2018-10-19 01:46:30 CEST.
Flavor | Version | Tinstall | Tcheck | Ttotal | Status | Flags |
---|---|---|---|---|---|---|
r-devel-linux-x86_64-debian-clang | 3.1-0 | 4.55 | 46.30 | 50.85 | OK | |
r-devel-linux-x86_64-debian-gcc | 3.1-0 | 3.32 | 37.57 | 40.89 | OK | |
r-devel-linux-x86_64-fedora-clang | 3.1-0 | 62.94 | OK | |||
r-devel-linux-x86_64-fedora-gcc | 3.1-0 | 61.31 | OK | |||
r-devel-windows-ix86+x86_64 | 3.1-0 | 14.00 | 104.00 | 118.00 | OK | |
r-patched-linux-x86_64 | 3.1-0 | 3.75 | 45.00 | 48.75 | OK | |
r-patched-solaris-x86 | 3.1-0 | 101.10 | OK | |||
r-release-linux-x86_64 | 3.1-0 | 3.40 | 45.36 | 48.76 | OK | |
r-release-windows-ix86+x86_64 | 3.1-0 | 13.00 | 126.00 | 139.00 | OK | |
r-release-osx-x86_64 | 3.1-0 | OK | ||||
r-oldrel-windows-ix86+x86_64 | 3.1-0 | 12.00 | 81.00 | 93.00 | OK | |
r-oldrel-osx-x86_64 | 3.1-0 | WARN |
Version: 3.1-0
Check: re-building of vignette outputs
Result: WARN
Error in re-building vignettes:
...
Error in texi2dvi(file = file, pdf = TRUE, clean = clean, quiet = quiet, :
Running 'texi2dvi' on 'MNP.tex' failed.
LaTeX errors:
! LaTeX Error: File `titlesec.sty' not found.
Type X to quit or <RETURN> to proceed,
or enter new name. (Default extension: sty)
! Emergency stop.
<read *>
l.29 ^^M
! ==> Fatal error occurred, no output PDF file produced!
Calls: buildVignettes -> texi2pdf -> texi2dvi
Execution halted
Flavor: r-oldrel-osx-x86_64