CRAN Package Check Results for Package MODISTools

Last updated on 2018-10-19 01:46:30 CEST.

Flavor Version Tinstall Tcheck Ttotal Status Flags
r-devel-linux-x86_64-debian-clang 1.0.0 1.40 28.36 29.76 OK
r-devel-linux-x86_64-debian-gcc 1.0.0 1.00 22.58 23.58 OK
r-devel-linux-x86_64-fedora-clang 1.0.0 34.79 OK
r-devel-linux-x86_64-fedora-gcc 1.0.0 31.57 OK
r-devel-windows-ix86+x86_64 1.0.0 4.00 108.00 112.00 OK
r-patched-linux-x86_64 1.0.0 0.86 25.91 26.77 OK
r-patched-solaris-x86 1.0.0 53.70 ERROR
r-release-linux-x86_64 1.0.0 1.21 26.18 27.39 OK
r-release-windows-ix86+x86_64 1.0.0 4.00 120.00 124.00 OK
r-release-osx-x86_64 1.0.0 OK
r-oldrel-windows-ix86+x86_64 1.0.0 3.00 95.00 98.00 OK
r-oldrel-osx-x86_64 1.0.0 OK

Check Details

Version: 1.0.0
Check: tests
Result: ERROR
     Running ‘run_tests.r’ [10s/276s]
    Running the tests in ‘tests/run_tests.r’ failed.
    Complete output:
     > # Run all unit tests
     >
     > # This is a wrapper around all the tests specified
     > # in the tests/testthat directory. These tests are visible
     > # to users and serve as small examples as well.
     > testthat::test_check("MODISTools")
     Loading required package: MODISTools
     Error in open.connection(con, "rb") :
     Timeout was reached: Operation timed out after 10000 milliseconds with 0 out of 0 bytes received
     Error in MODISTools::mt_products() :
     Your requested timed out or the server is unreachable
     Error in mt_bands(product = "MOD11A6") :
     please specify a product, or check your product name...
     ── 1. Failure: test mt_bands() (@test_main_functions.r#38) ────────────────────
     `check` isn't true.
    
     Error in mt_dates(product = "MOD11A6", lat = 40, lon = -110) :
     please specify a product, or check your product name...
     Error in open.connection(con, "rb") :
     Timeout was reached: Operation timed out after 10000 milliseconds with 0 out of 0 bytes received
     Error in MODISTools::mt_products() :
     Your requested timed out or the server is unreachable
     Error in open.connection(con, "rb") :
     Timeout was reached: Operation timed out after 10000 milliseconds with 0 out of 0 bytes received
     Error in MODISTools::mt_products() :
     Your requested timed out or the server is unreachable
     ── 2. Failure: test mt_subset() (@test_main_functions.r#97) ───────────────────
     `check` isn't true.
    
     Error in mt_batch_subset(df = "fail.csv", product = "MOD11A2", band = "LST_Day_1km", :
     specified batch file does not exist
     ══ testthat results ═══════════════════════════════════════════════════════════
     OK: 5 SKIPPED: 0 FAILED: 2
     1. Failure: test mt_bands() (@test_main_functions.r#38)
     2. Failure: test mt_subset() (@test_main_functions.r#97)
    
     Error: testthat unit tests failed
     Execution halted
Flavor: r-patched-solaris-x86