Last updated on 2018-10-19 01:46:30 CEST.
Flavor | Version | Tinstall | Tcheck | Ttotal | Status | Flags |
---|---|---|---|---|---|---|
r-devel-linux-x86_64-debian-clang | 1.3.6 | 14.59 | 172.80 | 187.39 | OK | |
r-devel-linux-x86_64-debian-gcc | 1.3.6 | 12.93 | 139.14 | 152.07 | OK | |
r-devel-linux-x86_64-fedora-clang | 1.3.6 | 223.04 | OK | |||
r-devel-linux-x86_64-fedora-gcc | 1.3.6 | 216.86 | OK | |||
r-devel-windows-ix86+x86_64 | 1.3.6 | 29.00 | 226.00 | 255.00 | OK | |
r-patched-linux-x86_64 | 1.3.6 | 12.88 | 151.94 | 164.82 | OK | |
r-patched-solaris-x86 | 1.3.6 | 274.70 | OK | |||
r-release-linux-x86_64 | 1.3.6 | 14.39 | 151.15 | 165.54 | OK | |
r-release-windows-ix86+x86_64 | 1.3.6 | 29.00 | 240.00 | 269.00 | OK | |
r-release-osx-x86_64 | 1.3.6 | ERROR | ||||
r-oldrel-windows-ix86+x86_64 | 1.3.6 | 16.00 | 182.00 | 198.00 | OK | |
r-oldrel-osx-x86_64 | 1.3.6 | ERROR |
Version: 1.3.6
Check: package dependencies
Result: ERROR
Package required but not available: ‘gWidgetsRGtk2’
See section ‘The DESCRIPTION file’ in the ‘Writing R Extensions’
manual.
Flavors: r-release-osx-x86_64, r-oldrel-osx-x86_64