Last updated on 2018-10-19 01:46:31 CEST.
Flavor | Version | Tinstall | Tcheck | Ttotal | Status | Flags |
---|---|---|---|---|---|---|
r-devel-linux-x86_64-debian-clang | 0.1.5 | 2.23 | 29.30 | 31.53 | OK | |
r-devel-linux-x86_64-debian-gcc | 0.1.5 | 2.20 | 23.07 | 25.27 | OK | |
r-devel-linux-x86_64-fedora-clang | 0.1.5 | 37.01 | OK | |||
r-devel-linux-x86_64-fedora-gcc | 0.1.5 | 34.60 | OK | |||
r-devel-windows-ix86+x86_64 | 0.1.5 | 6.00 | 55.00 | 61.00 | OK | |
r-patched-linux-x86_64 | 0.1.5 | 1.95 | 26.07 | 28.02 | NOTE | |
r-patched-solaris-x86 | 0.1.5 | 49.80 | OK | |||
r-release-linux-x86_64 | 0.1.5 | 1.95 | 26.11 | 28.06 | NOTE | |
r-release-windows-ix86+x86_64 | 0.1.5 | 5.00 | 51.00 | 56.00 | OK | |
r-release-osx-x86_64 | 0.1.5 | OK | ||||
r-oldrel-windows-ix86+x86_64 | 0.1.5 | 3.00 | 52.00 | 55.00 | OK | |
r-oldrel-osx-x86_64 | 0.1.5 | OK |
Version: 0.1.5
Check: DESCRIPTION meta-information
Result: NOTE
Dependence on R version ‘3.3.2’ not with patchlevel 0
Flavors: r-patched-linux-x86_64, r-release-linux-x86_64