CRAN Package Check Results for Package MVisAGe

Last updated on 2018-10-19 01:46:31 CEST.

Flavor Version Tinstall Tcheck Ttotal Status Flags
r-devel-linux-x86_64-debian-clang 0.2.1 3.57 47.46 51.03 OK
r-devel-linux-x86_64-debian-gcc 0.2.1 3.89 36.75 40.64 OK
r-devel-linux-x86_64-fedora-clang 0.2.1 59.93 OK
r-devel-linux-x86_64-fedora-gcc 0.2.1 59.46 OK
r-devel-windows-ix86+x86_64 0.2.1 11.00 53.00 64.00 OK
r-patched-linux-x86_64 0.2.1 4.37 45.34 49.71 NOTE
r-patched-solaris-x86 0.2.1 83.30 OK
r-release-linux-x86_64 0.2.1 3.40 45.01 48.41 NOTE
r-release-windows-ix86+x86_64 0.2.1 9.00 73.00 82.00 OK
r-release-osx-x86_64 0.2.1 OK
r-oldrel-windows-ix86+x86_64 0.2.1 8.00 71.00 79.00 OK
r-oldrel-osx-x86_64 0.2.1 OK

Check Details

Version: 0.2.1
Check: DESCRIPTION meta-information
Result: NOTE
    Dependence on R version ‘3.3.1’ not with patchlevel 0
Flavors: r-patched-linux-x86_64, r-release-linux-x86_64