CRAN Package Check Results for Package MetaLandSim

Last updated on 2018-10-19 01:46:29 CEST.

Flavor Version Tinstall Tcheck Ttotal Status Flags
r-devel-linux-x86_64-debian-clang 1.0.4 23.54 262.23 285.77 OK
r-devel-linux-x86_64-debian-gcc 1.0.4 17.76 199.56 217.32 OK
r-devel-linux-x86_64-fedora-clang 1.0.4 320.44 NOTE
r-devel-linux-x86_64-fedora-gcc 1.0.4 319.31 NOTE
r-devel-windows-ix86+x86_64 1.0.4 41.00 333.00 374.00 OK
r-patched-linux-x86_64 1.0.4 21.22 228.93 250.15 OK
r-patched-solaris-x86 1.0.4 447.20 NOTE
r-release-linux-x86_64 1.0.4 18.06 227.28 245.34 OK
r-release-windows-ix86+x86_64 1.0.4 43.00 348.00 391.00 OK
r-release-osx-x86_64 1.0.4 NOTE
r-oldrel-windows-ix86+x86_64 1.0.4 20.00 376.00 396.00 OK
r-oldrel-osx-x86_64 1.0.4 NOTE

Check Details

Version: 1.0.4
Check: dependencies in R code
Result: NOTE
    Namespace in Imports field not imported from: ‘knitr’
     All declared Imports should be used.
Flavors: r-devel-linux-x86_64-fedora-clang, r-devel-linux-x86_64-fedora-gcc, r-patched-solaris-x86, r-release-osx-x86_64, r-oldrel-osx-x86_64