Last updated on 2018-10-19 01:46:29 CEST.
Flavor | Version | Tinstall | Tcheck | Ttotal | Status | Flags |
---|---|---|---|---|---|---|
r-devel-linux-x86_64-debian-clang | 1.0 | 34.11 | 101.39 | 135.50 | OK | |
r-devel-linux-x86_64-debian-gcc | 1.0 | 27.56 | 78.85 | 106.41 | OK | |
r-devel-linux-x86_64-fedora-clang | 1.0 | 166.68 | NOTE | |||
r-devel-linux-x86_64-fedora-gcc | 1.0 | 159.10 | NOTE | |||
r-devel-windows-ix86+x86_64 | 1.0 | 77.00 | 211.00 | 288.00 | OK | |
r-patched-linux-x86_64 | 1.0 | 32.81 | 79.83 | 112.64 | OK | |
r-patched-solaris-x86 | 1.0 | 187.60 | OK | |||
r-release-linux-x86_64 | 1.0 | 33.75 | 79.32 | 113.07 | OK | |
r-release-windows-ix86+x86_64 | 1.0 | 76.00 | 169.00 | 245.00 | OK | |
r-release-osx-x86_64 | 1.0 | OK | ||||
r-oldrel-windows-ix86+x86_64 | 1.0 | 53.00 | 174.00 | 227.00 | OK | |
r-oldrel-osx-x86_64 | 1.0 | OK |
Version: 1.0
Check: compiled code
Result: NOTE
File ‘MiSPU/libs/MiSPU.so’:
Found no calls to: ‘R_registerRoutines’, ‘R_useDynamicSymbols’
It is good practice to register native routines and to disable symbol
search.
See ‘Writing portable packages’ in the ‘Writing R Extensions’ manual.
Flavors: r-devel-linux-x86_64-fedora-clang, r-devel-linux-x86_64-fedora-gcc